{"id":304,"date":"2016-05-11T18:55:06","date_gmt":"2016-05-11T18:55:06","guid":{"rendered":"http:\/\/hammerich-la.de\/?page_id=304"},"modified":"2026-03-19T11:18:39","modified_gmt":"2026-03-19T11:18:39","slug":"leistungen","status":"publish","type":"page","link":"https:\/\/hammerich-la.de\/?page_id=304","title":{"rendered":"B\u00fcrobeschreibung"},"content":{"rendered":"<div class=\"wpb-content-wrapper\"><p>[vc_row][vc_column][vc_column_text css=&#8220;&#8220;]Unser B\u00fcro f\u00fcr Landschaftsarchitektur bietet umfassende Leistungen in allen Phasen der Freiraumplanung &#8211; von der ersten Projektidee bis zur Fertigstellung und Baubetreuung. Wir bearbeiten Projekte unterschiedlicher Ma\u00dfst\u00e4be und Typologien, vom hochwertigen Privatgarten \u00fcber Wohn- und Gewerbeanlagen bis hin zu \u00f6ffentlichen und halb\u00f6ffentlichen Freir\u00e4umen wie Au\u00dfenanlagen von Kitas, Schulen oder Thermenlandschaften.<\/p>\n<p>&nbsp;<\/p>\n<p><b>Leistungsphasen und T\u00e4tigkeitsfelder<\/b><\/p>\n<p>Unser Leistungsspektrum umfasst insbesondere:<\/p>\n<p><b>Beratung<br \/>\n<\/b>Individuelle Beratung der Bauherrenschaft, Analyse der Ausgangssituation sowie Kl\u00e4rung von Zielen, Anforderungen und Rahmenbedingungen. Zum Projektbeginn f\u00fchren wir in der Regel eine Grundst\u00fccksbesichtigung durch.<\/p>\n<p><b>Planung<br \/>\n<\/b>Entwicklung gestalterisch hochwertiger, innovativer und nachhaltiger Freiraumkonzepte, von der Projektentwicklung \u00fcber die Entwurfsplanung, die Genehmigung bis zur Ausf\u00fchrungsplanung. Ein besonderer Gestaltungsschwerpunkt liegt auf der Erstellung naturnaher und wirkungsvoller Bepflanzungskonzepte.<\/p>\n<p><b>Ausschreibung<br \/>\n<\/b>Erstellung von Leistungsverzeichnissen, Mitwirkung bei der Vergabe sowie fachliche Unterst\u00fctzung bei der Auswahl geeigneter Ausf\u00fchrungsfirmen.<\/p>\n<p><b>Bau\u00fcberwachung\/Baubetreuung<br \/>\n<\/b>Fachliche Begleitung der Bauausf\u00fchrung, Qualit\u00e4ts-, Kosten- und Terminkontrolle sowie Abstimmung mit allen Projektbeteiligten.<\/p>\n<p><b>Dokumentation<br \/>\n<\/b>Zusammenstellung und \u00dcbergabe der projektbezogenen Unterlagen nach Abschluss der Bauma\u00dfnahme.<\/p>\n<p><b>Arbeitsweise und Qualit\u00e4tsanspruch<br \/>\n<\/b>Die Projekte werden in kleinen, interdisziplin\u00e4ren Zweierteams aus erfahrenen und jungen Planer:innen bearbeitet. Durch den engen Austausch innerhalb des Teams gew\u00e4hrleisten wie eine kontinuierliche Betreuung von der Konzeptphase bis zur Bauleitung.<\/p>\n<p>Wir arbeiten \u00fcberwiegend f\u00fcr private und halb\u00f6ffentliche Auftraggeber und pflegen ein langj\u00e4hriges Netzwerk aus Fachplanern und Ausf\u00fchrungspartnern. Unser Anspruch ist eine hohe gestalterische Qualit\u00e4t, verbunden mit funktionalen, nachhaltigen und zukunftsf\u00e4higen L\u00f6sungen.<\/p>\n<p><b>R\u00e4umlicher T\u00e4tigkeitsbereich<br \/>\n<\/b>Unsere Leistungen erbringen wir bundesweit sowie bei Bedarf auch dar\u00fcber hinaus.<\/p>\n<p>&nbsp;<\/p>\n<p>Rufen Sie uns an (05032.8000200), wir beraten Sie gerne &#8211; oder nutzen Sie unser <a href=\"https:\/\/hammerich-la.de\/?page_id=206\" target=\"_blank\" rel=\"noopener\">Kontaktformular<\/a>.[\/vc_column_text][\/vc_column][\/vc_row][vc_row][vc_column width=&#8220;1\/3&#8243;][vc_single_image image=&#8220;1058&#8243; img_size=&#8220;500&#215;500&#8243; css=&#8220;&#8220;][\/vc_column][vc_column width=&#8220;1\/3&#8243;][vc_single_image image=&#8220;1056&#8243; img_size=&#8220;500&#215;500&#8243; css=&#8220;&#8220;][\/vc_column][vc_column width=&#8220;1\/3&#8243;][vc_single_image image=&#8220;1059&#8243; img_size=&#8220;500&#215;500&#8243; css=&#8220;&#8220;][\/vc_column][\/vc_row]<\/p>\n<\/div>","protected":false},"excerpt":{"rendered":"<p>[vc_row][vc_column][vc_column_text css=&#8220;&#8220;]Unser B\u00fcro f\u00fcr Landschaftsarchitektur bietet umfassende Leistungen in allen Phasen der Freiraumplanung &#8211; von der ersten Projektidee bis zur Fertigstellung und Baubetreuung. Wir bearbeiten Projekte unterschiedlicher Ma\u00dfst\u00e4be und Typologien, vom hochwertigen Privatgarten \u00fcber Wohn- und Gewerbeanlagen bis hin zu \u00f6ffentlichen und halb\u00f6ffentlichen Freir\u00e4umen wie Au\u00dfenanlagen von Kitas, Schulen oder Thermenlandschaften. &nbsp; Leistungsphasen und T\u00e4tigkeitsfelder&hellip;<\/p>\n","protected":false},"author":1,"featured_media":0,"parent":79,"menu_order":0,"comment_status":"closed","ping_status":"closed","template":"","meta":{"_acf_changed":false,"footnotes":""},"class_list":["post-304","page","type-page","status-publish","hentry"],"acf":[],"_links":{"self":[{"href":"https:\/\/hammerich-la.de\/index.php?rest_route=\/wp\/v2\/pages\/304","targetHints":{"allow":["GET"]}}],"collection":[{"href":"https:\/\/hammerich-la.de\/index.php?rest_route=\/wp\/v2\/pages"}],"about":[{"href":"https:\/\/hammerich-la.de\/index.php?rest_route=\/wp\/v2\/types\/page"}],"author":[{"embeddable":true,"href":"https:\/\/hammerich-la.de\/index.php?rest_route=\/wp\/v2\/users\/1"}],"replies":[{"embeddable":true,"href":"https:\/\/hammerich-la.de\/index.php?rest_route=%2Fwp%2Fv2%2Fcomments&post=304"}],"version-history":[{"count":27,"href":"https:\/\/hammerich-la.de\/index.php?rest_route=\/wp\/v2\/pages\/304\/revisions"}],"predecessor-version":[{"id":1060,"href":"https:\/\/hammerich-la.de\/index.php?rest_route=\/wp\/v2\/pages\/304\/revisions\/1060"}],"up":[{"embeddable":true,"href":"https:\/\/hammerich-la.de\/index.php?rest_route=\/wp\/v2\/pages\/79"}],"wp:attachment":[{"href":"https:\/\/hammerich-la.de\/index.php?rest_route=%2Fwp%2Fv2%2Fmedia&parent=304"}],"curies":[{"name":"wp","href":"https:\/\/api.w.org\/{rel}","templated":true}]}}