{"id":976,"date":"2024-06-10T07:18:43","date_gmt":"2024-06-10T07:18:43","guid":{"rendered":"https:\/\/hammerich-la.de\/?post_type=portfolio&#038;p=976"},"modified":"2024-06-10T09:57:17","modified_gmt":"2024-06-10T09:57:17","slug":"976","status":"publish","type":"portfolio","link":"https:\/\/hammerich-la.de\/?portfolio=976","title":{"rendered":"Atrium und Gartenhof am Weserwall"},"content":{"rendered":"<p>\u201eJe kleiner der Garten um so wichtiger ist die Auswahl der Gestaltungsmittel.\u201c<span class=\"Apple-converted-space\">\u00a0<\/span><\/p>\n<p>Unsere Aufgabe: Au\u00dfenr\u00e4ume stimmig zur Architektur gestalten &#8211; ein Atrium und einen Gartenhof als \u201eErweiterung der Wohnr\u00e4ume im Freien\u201c.<\/p>\n<p>Das Atrium und der Gartenhof haben sehr unterschiedliche Nutzungen. Das Atrium ist der vergr\u00f6\u00dferte Essplatz im Sommer. Der Gartenhof soll auch als Stellplatz dienen k\u00f6nnen, man soll es der Gestaltung allerdings nicht ansehen.<br \/>\nWir haben mit wenigen wiederkehrenden Materialien einen sch\u00f6nen Au\u00dfenraum als lebendiges Stillleben geschaffen, so dass zu allen Jahreszeiten der Ausblick Freude bereitet.<span class=\"Apple-converted-space\"><br \/>\n<\/span>Eine stimmige Gestaltung, Langlebigkeit der Materialien, eine wohl proportionierte Pflanzenauswahl und Ausstattung sorgen daf\u00fcr, dass der Garten zeitlos sch\u00f6n ist und das Ensemble harmonisch abrundet.<span class=\"Apple-converted-space\">\u00a0<\/span><\/p>\n","protected":false},"excerpt":{"rendered":"<p>\u201eJe kleiner der Garten um so wichtiger ist die Auswahl der Gestaltungsmittel.\u201c\u00a0 Unsere Aufgabe: Au\u00dfenr\u00e4ume stimmig zur Architektur gestalten &#8211; ein Atrium und einen Gartenhof als \u201eErweiterung der Wohnr\u00e4ume im Freien\u201c. Das Atrium und der Gartenhof haben sehr unterschiedliche Nutzungen. Das Atrium ist der vergr\u00f6\u00dferte Essplatz im Sommer. Der Gartenhof soll auch als Stellplatz dienen&hellip;<\/p>\n","protected":false},"author":1,"featured_media":977,"comment_status":"closed","ping_status":"closed","template":"","meta":{"_acf_changed":false,"footnotes":""},"portfolio_category":[7],"portfolio_tag":[],"class_list":["post-976","portfolio","type-portfolio","status-publish","has-post-thumbnail","hentry","portfolio_category-private_gaerten"],"acf":[],"_links":{"self":[{"href":"https:\/\/hammerich-la.de\/index.php?rest_route=\/wp\/v2\/portfolio\/976","targetHints":{"allow":["GET"]}}],"collection":[{"href":"https:\/\/hammerich-la.de\/index.php?rest_route=\/wp\/v2\/portfolio"}],"about":[{"href":"https:\/\/hammerich-la.de\/index.php?rest_route=\/wp\/v2\/types\/portfolio"}],"author":[{"embeddable":true,"href":"https:\/\/hammerich-la.de\/index.php?rest_route=\/wp\/v2\/users\/1"}],"replies":[{"embeddable":true,"href":"https:\/\/hammerich-la.de\/index.php?rest_route=%2Fwp%2Fv2%2Fcomments&post=976"}],"version-history":[{"count":5,"href":"https:\/\/hammerich-la.de\/index.php?rest_route=\/wp\/v2\/portfolio\/976\/revisions"}],"predecessor-version":[{"id":988,"href":"https:\/\/hammerich-la.de\/index.php?rest_route=\/wp\/v2\/portfolio\/976\/revisions\/988"}],"wp:featuredmedia":[{"embeddable":true,"href":"https:\/\/hammerich-la.de\/index.php?rest_route=\/wp\/v2\/media\/977"}],"wp:attachment":[{"href":"https:\/\/hammerich-la.de\/index.php?rest_route=%2Fwp%2Fv2%2Fmedia&parent=976"}],"wp:term":[{"taxonomy":"portfolio_category","embeddable":true,"href":"https:\/\/hammerich-la.de\/index.php?rest_route=%2Fwp%2Fv2%2Fportfolio_category&post=976"},{"taxonomy":"portfolio_tag","embeddable":true,"href":"https:\/\/hammerich-la.de\/index.php?rest_route=%2Fwp%2Fv2%2Fportfolio_tag&post=976"}],"curies":[{"name":"wp","href":"https:\/\/api.w.org\/{rel}","templated":true}]}}

<p>„Je kleiner der Garten um so wichtiger ist die Auswahl der Gestaltungsmittel.“<span class="Apple-converted-space"> </span></p>
<p>Unsere Aufgabe: Außenräume stimmig zur Architektur gestalten &#8211; ein Atrium und einen Gartenhof als „Erweiterung der Wohnräume im Freien“.</p>
<p>Das Atrium und der Gartenhof haben sehr unterschiedliche Nutzungen. Das Atrium ist der vergrößerte Essplatz im Sommer. Der Gartenhof soll auch als Stellplatz dienen können, man soll es der Gestaltung allerdings nicht ansehen.<br />
Wir haben mit wenigen wiederkehrenden Materialien einen schönen Außenraum als lebendiges Stillleben geschaffen, so dass zu allen Jahreszeiten der Ausblick Freude bereitet.<span class="Apple-converted-space"><br />
</span>Eine stimmige Gestaltung, Langlebigkeit der Materialien, eine wohl proportionierte Pflanzenauswahl und Ausstattung sorgen dafür, dass der Garten zeitlos schön ist und das Ensemble harmonisch abrundet.<span class="Apple-converted-space"> </span></p>

<p>„Je kleiner der Garten um so wichtiger ist die Auswahl der Gestaltungsmittel.“  Unsere Aufgabe: Außenräume stimmig zur Architektur gestalten &#8211; ein Atrium und einen Gartenhof als „Erweiterung der Wohnräume im Freien“. Das Atrium und der Gartenhof haben sehr unterschiedliche Nutzungen. Das Atrium ist der vergrößerte Essplatz im Sommer. Der Gartenhof soll auch als Stellplatz dienen&hellip;</p>
